et j(m) = -34 - 23*m - 30 - 25 - 10 + 3. Let u be j(-8). Calculate the highest common factor of u and d.
44
Suppose 5*l - 3 = 145*t - 154*t, -3*t - 9 = l. Suppose -3*q + q + 210 = 0. What is the greatest common factor of l and q?
15
Let a(l) = l**2 + 13*l - 85. Let b be a(-18). Suppose 2*k + 3*s = 475, b*k + 4*s = 3*s + 1220. What is the greatest common divisor of 98 and k?
49
Let p = 2071 + -1422. Suppose 0 = -5*k - 0 - 25. Let c be 4/20 - p/k. Calculate the highest common divisor of 10 and c.
10
Suppose -7 = -15*g + 38. Let n(v) = 2*v**2 + 3*v + 4. Let j be n(g). What is the greatest common divisor of 341 and j?
31
Let v(s) = -373*s - 952. Let f be v(-4). Calculate the highest common factor of 6615 and f.
135
Let h be (23 + -22)*(-3)/(-6)*952. Calculate the greatest common factor of 280 and h.
28
Suppose 0 = 4*p + 5*j - 240, 885*p + 120 = 887*p - 2*j. What is the highest common divisor of 3870 and p?
30
Suppose -1 = 4*l - 0*l - 3*j, l + 14 = -2*j. Let b = l - -72. Calculate the highest common factor of b and 51.
17
Let b be ((-288)/(-80))/(1/35). Suppose 3*j - 26*i - 933 = -29*i, -3*j + 3*i + 957 = 0. What is the greatest common divisor of j and b?
63
Let i = -15605 - -18457. Calculate the highest common factor of 23 and i.
23
Let s be 1/((-931)/(-5415) - (-2)/(-12)). Let z = 43 + -44. Let o be (2 - z)/(6/76). What is the highest common divisor of s and o?
38
Let w = 59 + -58. Let l = -312 - -320. Calculate the greatest common divisor of w and l.
1
Let r be 30/(-75) + 14/10 + 68. Let k = r - 59. Let g be k/(5 - 0) + (1 - -27). Calculate the greatest common divisor of g and 40.
10
Let k = 963 + -953. Calculate the greatest common factor of 1970 and k.
10
Let c = -152 - -172. Suppose -172 = -10*l + 228. Calculate the highest common factor of l and c.
20
Suppose -4*s + 119 = y, 1866*y + 325 = 1869*y + 4*s. Calculate the greatest common factor of 4738 and y.
103
Let d = 183 - 104. Let l = 153 - d. Let b = l + -62. What is the highest common factor of 8 and b?
4
Let s(i) = 9*i + 9. Let q(x) = -26*x - 28. Let c(t) = 5*q(t) + 16*s(t). Let v be c(-4). Let j = v + 132. Calculate the greatest common divisor of 10 and j.
10
Suppose -2*j - 5*t = -3*j + 118, 8 = -2*t. Let v be -1*4/(-16)*0/1. Suppose q - 199 = a - 5*a, a + 2*q - 55 = v. What is the greatest common factor of a and j?
49
Let i be (-15)/(-2)*20/10. Let o = -1107 + 1752. What is the highest common factor of o and i?
15
Let u = 97 - 106. Let m(k) = -k**2 - 21*k - 31. Let c be m(u). Let s = c + -64. What is the greatest common factor of 52 and s?
13
Let k be (171/(-36))/(2/(-24)). Let f = 130 + k. Let s = -119 + 136. Calculate the highest common divisor of s and f.
17
Suppose 0 = 58*x - 224 - 356. Let q be 9/5 + (-6)/(-30). Suppose 455 = q*y + 5*i, -4 = 3*i - 1. Calculate the greatest common divisor of y and x.
10
Suppose -1467788 = -7379*z + 7290*z. What is the highest common divisor of z and 28?
28
Suppose -70267 = -65*w - 26392. Calculate the greatest common divisor of 27 and w.
27
Suppose -111 = -2*i - 103. Suppose -m + 111 + i = 0. What is the highest common factor of m and 46?
23
Let d(n) = n**2 + 8*n + 14. Let s(o) = 3*o + 6. Let v be s(-4). Let l be d(v). Let m be -21 - -68 - (1 + l). Calculate the highest common divisor of 66 and m.
22
Let s be ((-288)/(-252))/((-8)/(-140)). What is the greatest common divisor of s and 5620?
20
Let w = 56 - 56. Suppose 2*r + 8 = w, r + 2*r + 123 = 3*b. Let s = -12 + b. What is the greatest common divisor of s and 225?
25
Suppose -4*n + 101 - 2 = b, 41 = n - 3*b. Suppose -7*k + 2*g + 0*g + 914 = 0, -4*k + 5*g + 530 = 0. What is the highest common divisor of k and n?
26
Suppose 0 = -75*c + 5*c + 63000. What is the highest common divisor of 40 and c?
20
Let u be 8*(8 + -2 + -2). Let z be (u/(-6))/(-3*(-2)/(-36)). Calculate the greatest common divisor of 48 and z.
16
Let i be 54*236/(-7)*(-371)/318. Calculate the greatest common factor of 90 and i.
18
Let b = -7450 + 7560. Calculate the greatest common divisor of 1815 and b.
55
Suppose 26 = 3*l - 2*u, -3*l - 12 = -7*l - 3*u. Suppose 5*d - l*d = 58. Let b = 60 + d. What is the highest common divisor of 3 and b?
1
Let r(g) = g**3 - 20*g**2 - 150*g - 147. Let h be r(26). What is the greatest common factor of 1341 and h?
9
Suppose 573 = 4*c + k, 7*k = -5*c + 6*k + 717. Let p be (-14 - -38)*(-2)/(-3). What is the highest common divisor of p and c?
16
Suppose -5*j + 24 = -11. Let h be (-5 + 1)*(j + 93/(-6)). Calculate the highest common divisor of h and 170.
34
Suppose 0 = 5*z - 20, -s + 3*s - 52 = 5*z. Let n(m) = 103*m + 4286. Let i be n(-38). What is the greatest common factor of i and s?
12
Let z(u) = -65*u - 1514. Let r be z(-24). What is the highest common divisor of 2254 and r?
46
Let s = -56 - -18. Let z = -17 - s. Let u(h) = -524*h - 10997. Let k be u(-21). Calculate the greatest common divisor of z and k.
7
Suppose 0 = -12*r + 27*r - 885. Suppose r*v - 455 = 24*v. Let p(a) = 59*a - 1. Let o be p(2). What is the greatest common factor of o and v?
13
Let n(q) = q**3 + 79*q**2 - 161*q + 116. Let w be n(-81). Calculate the greatest common factor of 3535 and w.
35
Suppose 340 = -63*l + 65*l. Suppose 0 = 3*i + 3*a - 69, 4*a - 46 = 4*i - l. Suppose -y = y - 6. Calculate the highest common divisor of y and i.
3
Let t be 2/(0 - 26/(-1911)). What is the greatest common factor of 49 and t?
49
Suppose -11*o + 0 = -33. Suppose 14 = -3*n - o*g - 22, n - 5*g - 12 = 0. Let y be ((-100)/n)/(-5)*-6. Calculate the highest common divisor of y and 15.
15
Let q be (-8)/10 + (-2 - (-232)/40). Suppose -22 = -q*r - 2*b, 2*r = 4*r + 2*b - 12. What is the highest common factor of 260 and r?
10
Let n(a) = a**2 + 21*a - 97. Let j be n(-24). Let r be (-696)/(-80)*-2*j. What is the greatest common divisor of 58 and r?
29
Let t be 10 + ((-20)/(-35) - 27936/(-112)). Calculate the greatest common factor of 24830 and t.
130
Let u(y) be the first derivative of 7/2*y**2 + 5 - 1/4*y**4 - 5*y + 2/3*y**3. Let j be u(3). Calculate the highest common divisor of j and 77.
7
Let g be (121/165 + 22/(-55))/((-1)/(-114)). What is the highest common factor of 2489 and g?
19
Let c be (-4)/4*(-19 + -40). Let n be 0/(3/1) + 59. Calculate the highest common divisor of n and c.
59
Let g = -10572 - -10788. What is the greatest common factor of g and 984?
24
Let o be -1 + 6063 - (-4 - 2). What is the highest common divisor of o and 164?
164
Suppose c - 32*c = -c - 900. Calculate the greatest common divisor of 1270 and c.
10
Let t = 261 + -313. Let h be (6/4)/(202/t - -4). Calculate the highest common factor of 91 and h.
13
Suppose -3*m + 25 = -i, 5*i - 65 = 39*m - 43*m. Let z(t) = 4*t**2 + 7*t - 7. Let x be z(-6). Calculate the greatest common factor of x and i.
5
Suppose 123565 = 17*t + 120505. Let c = 17 + 1. What is the highest common divisor of c and t?
18
Let h be 1/(2/4933) - (-620)/(-248). What is the greatest common divisor of h and 224?
224
Let u = 5114 - 5000. Calculate the greatest common divisor of 240 and u.
6
Suppose -d + 9*d = 376. Let h = -70 + d. Let z = h + 56. What is the highest common factor of z and 22?
11
Let r = -145 + 145. Suppose 1220 = 4*x - r*x. What is the greatest common factor of 61 and x?
61
Let q(u) = -41*u**2 - 195*u - 5. Let a be q(-4). Calculate the greatest common divisor of 782 and a.
17
Let d = -5262 + 5325. Suppose -w + 2 = -5. Calculate the greatest common divisor of d and w.
7
Suppose -5*r - 37 - 33 = 0. Let t be (-1 - -2)/(r/(-1330)). Suppose -4*z = 37*u - 39*u + 94, -2*u + 134 = 4*z. What is the highest common factor of t and u?
19
Suppose 4*t + 2*j = 5*t + 3, -2*j = 2*t. Let q be ((-6 - 1)*72/21)/t. Calculate the greatest common factor of q and 32.
8
Suppose -73*a = -74*a - 3*t + 84, 188 = 2*a - 4*t. Calculate the highest common divisor of 2358 and a.
18
Let f(d) = 37*d - 1126. Let w be f(33). Calculate the greatest common factor of w and 1615.
95
Let t = 5585 + -5115. Calculate the highest common divisor of t and 141.
47
Suppose -a - 468 = -5*a - 5*f, -5*a - 2*f + 568 = 0. Let p be 49/(15/(-6) - -2). Let x = a + p. What is the highest common factor of x and 56?
14
Let w(f) = -2*f**3 - 4*f**2 + 7*f + 9. Let z be w(-4). Suppose -7*k + 110 = 4*k. Calculate the greatest common factor of z and k.
5
Let n(c) = -